{"id":2,"date":"2013-09-28T15:34:43","date_gmt":"2013-09-28T15:34:43","guid":{"rendered":""},"modified":"2021-02-16T10:55:29","modified_gmt":"2021-02-16T08:55:29","slug":"beispiel-seite","status":"publish","type":"page","link":"https:\/\/www.robertluh.com\/?page_id=2","title":{"rendered":"ABOUT THE AUTHOR"},"content":{"rendered":"<p><a href=\"http:\/\/www.googlehupf.at\/rluh\/wp-content\/uploads\/self_gr-scaled.jpg\"><img loading=\"lazy\" decoding=\"async\" class=\"wp-image-364 size-medium alignleft\" src=\"http:\/\/www.googlehupf.at\/rluh\/wp-content\/uploads\/self_gr-236x300.jpg\" alt=\"\" width=\"236\" height=\"300\" srcset=\"https:\/\/www.robertluh.com\/wp-content\/uploads\/self_gr-236x300.jpg 236w, https:\/\/www.robertluh.com\/wp-content\/uploads\/self_gr-806x1024.jpg 806w, https:\/\/www.robertluh.com\/wp-content\/uploads\/self_gr-768x976.jpg 768w, https:\/\/www.robertluh.com\/wp-content\/uploads\/self_gr-1208x1536.jpg 1208w, https:\/\/www.robertluh.com\/wp-content\/uploads\/self_gr-1611x2048.jpg 1611w, https:\/\/www.robertluh.com\/wp-content\/uploads\/self_gr-118x150.jpg 118w, https:\/\/www.robertluh.com\/wp-content\/uploads\/self_gr-scaled.jpg 2014w\" sizes=\"auto, (max-width: 236px) 100vw, 236px\" \/><\/a><\/p>\n<p><strong>Robert Luh<\/strong><\/p>\n<p>Security researcher and hobbyist writer<\/p>\n<p>Born: 1983 in Vienna, Austria<\/p>\n<p>Contact: searingstar@gmail.com<\/p>\n<p>Social Media:<\/p>\n<p><a href=\"https:\/\/www.facebook.com\/jack.fast.522\" target=\"_blank\" rel=\"noopener\"><img loading=\"lazy\" decoding=\"async\" class=\"alignleft  wp-image-189\" src=\"http:\/\/www.googlehupf.at\/rluh\/wp-content\/uploads\/Black-Facebook-logo-300x120.jpg\" alt=\"Black-Facebook-logo\" width=\"101\" height=\"40\" srcset=\"https:\/\/www.robertluh.com\/wp-content\/uploads\/Black-Facebook-logo-300x120.jpg 300w, https:\/\/www.robertluh.com\/wp-content\/uploads\/Black-Facebook-logo-250x100.jpg 250w, https:\/\/www.robertluh.com\/wp-content\/uploads\/Black-Facebook-logo-150x60.jpg 150w, https:\/\/www.robertluh.com\/wp-content\/uploads\/Black-Facebook-logo.jpg 670w\" sizes=\"auto, (max-width: 101px) 100vw, 101px\" \/><\/a><\/p>\n<p><a href=\"http:\/\/www.amazon.de\/Robert-Luh\/e\/B009A6FZNM\/\" target=\"_blank\" rel=\"noopener\"><img loading=\"lazy\" decoding=\"async\" class=\"alignleft wp-image-299 size-full\" src=\"http:\/\/www.googlehupf.at\/rluh\/wp-content\/uploads\/authorcentral.png\" alt=\"authorcentral\" width=\"160\" height=\"35\" srcset=\"https:\/\/www.robertluh.com\/wp-content\/uploads\/authorcentral.png 160w, https:\/\/www.robertluh.com\/wp-content\/uploads\/authorcentral-150x33.png 150w\" sizes=\"auto, (max-width: 160px) 100vw, 160px\" \/><\/a><\/p>\n<hr \/>\n<p>&#x1f1fa;&#x1f1f8; Robert is an Austrian security researcher and freelance writer. He got his PhD from De Montfort University Leicester after graduating from St. P\u00f6lten University of Applied Sciences where he studied IT and information security. He is currently employed as lecturer at the university and conducts research for the University of Vienna.<\/p>\n<p>&#8220;Collision Domain&#8221; is his second book \u2013 the first one, &#8220;Searing Star&#8221;, is a self-published science-fiction novel revolving around the topic of modern-day xenophobia.<\/p>\n<hr \/>\n<p>&#x1f1e9;&#x1f1ea; Robert Luh ist Researcher an der Universit\u00e4t Wien und Dozent an der Fachhochschule St. P\u00f6lten.<br \/>\nNeben der Computer-Sicherheit gilt seine gro\u00dfe Leidenschaft den imagin\u00e4ren Welten: Seit 2011 ist er als selbstpublizierender Hobby-Schriftsteller t\u00e4tig. ,Verity&#8217; ist Roberts dritter, aber erster deutschsprachig verfasster Roman.<\/p>\n<p>Sein Erstlingswerk, das Science-Fiction Buch ,Searing Star&#8217;, behandelt die weitreichenden Konsequenzen von aggressiver Fremdenangst in einer d\u00fcsteren Vision des 22. Jahrhunderts.<br \/>\n,Collision Domain &#8211; Six Ways to Kill by Hacking&#8217; erz\u00e4hlt die technisch authentische Geschichte einer Jagd nach einem gef\u00e4hrlichen Cyberkriminellen, der eine ganze Gro\u00dfstadt in Atem h\u00e4lt.<\/p>\n","protected":false},"excerpt":{"rendered":"<p>Robert Luh Security researcher and hobbyist writer Born: 1983 in Vienna, Austria Contact: searingstar@gmail.com Social Media: &#x1f1fa;&#x1f1f8; Robert is an Austrian security researcher and freelance writer. He got his PhD from De Montfort University Leicester after graduating from St. P\u00f6lten University of Applied Sciences where he studied IT and information \u2026 <a class=\"continue-reading-link\" href=\"https:\/\/www.robertluh.com\/?page_id=2\"> Continue reading<\/a><\/p>\n","protected":false},"author":1,"featured_media":0,"parent":0,"menu_order":4,"comment_status":"closed","ping_status":"closed","template":"","meta":{"footnotes":""},"class_list":["post-2","page","type-page","status-publish","hentry"],"_links":{"self":[{"href":"https:\/\/www.robertluh.com\/index.php?rest_route=\/wp\/v2\/pages\/2","targetHints":{"allow":["GET"]}}],"collection":[{"href":"https:\/\/www.robertluh.com\/index.php?rest_route=\/wp\/v2\/pages"}],"about":[{"href":"https:\/\/www.robertluh.com\/index.php?rest_route=\/wp\/v2\/types\/page"}],"author":[{"embeddable":true,"href":"https:\/\/www.robertluh.com\/index.php?rest_route=\/wp\/v2\/users\/1"}],"replies":[{"embeddable":true,"href":"https:\/\/www.robertluh.com\/index.php?rest_route=%2Fwp%2Fv2%2Fcomments&post=2"}],"version-history":[{"count":46,"href":"https:\/\/www.robertluh.com\/index.php?rest_route=\/wp\/v2\/pages\/2\/revisions"}],"predecessor-version":[{"id":395,"href":"https:\/\/www.robertluh.com\/index.php?rest_route=\/wp\/v2\/pages\/2\/revisions\/395"}],"wp:attachment":[{"href":"https:\/\/www.robertluh.com\/index.php?rest_route=%2Fwp%2Fv2%2Fmedia&parent=2"}],"curies":[{"name":"wp","href":"https:\/\/api.w.org\/{rel}","templated":true}]}}